when u is divided by 65.
8
What is the remainder when 780 is divided by 81/135*710/6?
70
Calculate the remainder when -7 + (93 - 21/3) is divided by 22.
13
Suppose 0 = 5*i - 13*i + 584. What is the remainder when 361 is divided by i?
69
Let o(t) = t**2 - 11*t + 9. Suppose 2*c = -2*w + c + 4, 0 = -w - c + 1. Suppose -w*h + 21 + 30 = 0. What is the remainder when h is divided by o(11)?
8
Suppose 20*y - 10709 = 2471. What is the remainder when y is divided by 55?
54
Suppose 5*a - 14 = -2*t, 3*t - 22 - 18 = 2*a. Let l = 163 - 128. Calculate the remainder when l is divided by t.
11
Suppose 3*u - 2*u - 62 = -5*q, -5*u = 5*q - 290. Suppose f + v = -3*f + u, -v + 5 = 0. Calculate the remainder when 25 is divided by f.
12
Let o = 171 + 250. Calculate the remainder when o is divided by 17.
13
Let x = 426 + -409. Calculate the remainder when 67 is divided by x.
16
Suppose 0 = -222*o + 229*o - 1806. What is the remainder when o is divided by 29?
26
Let r = 164 - 131. What is the remainder when 85 is divided by r?
19
Calculate the remainder when 2 is divided by (12/15)/(-4 + 22/5).
0
Suppose 32*r = 20*r + 576. Calculate the remainder when r is divided by 11.
4
Let o(t) = 4*t + 34. Let f be o(20). Suppose -3*u - 476 = -7*u - l, -u + f = -l. What is the remainder when u is divided by 30?
28
Let u(z) = -z**2 + 9*z + 3. Let o be u(7). Let d = 5 - o. What is the remainder when 27 is divided by (d/(-21))/(1/14)?
3
Suppose -5*y + 984 - 379 = 0. What is the remainder when 21 is divided by (2*1)/(22/y)?
10
Suppose 14*p - 748 = 3*p. What is the remainder when p is divided by 18?
14
Suppose 4*m + 72 = 6*m. What is the remainder when (21150/22)/9 + 2/11 is divided by m?
35
Let i = -253 + 286. What is the remainder when i is divided by 16?
1
Suppose -20*j - 786 + 2126 = 0. Calculate the remainder when j is divided by 35.
32
Let n(k) be the first derivative of k**4/4 + 10*k**3/3 + 4*k**2 - 2. Suppose -66 = -3*l + 3*x, 3*x + 2*x = 20. What is the remainder when l is divided by n(-9)?
8
Suppose 8*c - 601 = -321. What is the remainder when 449 is divided by c?
29
Let y(p) = 175*p - 6. What is the remainder when y(2) is divided by 29?
25
Suppose 0*m - m + 4 = 2*q, -4*m + 43 = -q. Calculate the remainder when 56 is divided by m.
6
Let c be 6 + -1 + -1*(-9)/(-3). Calculate the remainder when (3 + c/(-1))*2 is divided by 1.
0
Let s = 51 - 27. Suppose -x - 5*x - 6 = 0. Calculate the remainder when s is divided by 5*x/(30/(-54)).
6
Suppose 0 = -3*w - 3*w + 702. Calculate the remainder when w is divided by 44.
29
Let l(i) = 2*i**2 + i - 4. Let w be l(-2). Suppose -4*s = 5*z - 29, w*s - 1 = z + 10. Calculate the remainder when -4 - -4*(-28)/(-8) is divided by s.
4
Let a = -1 + 1. Let q be (-35)/(-30)*10 + 4/(-6). What is the remainder when q/(a + (2 - 1)) is divided by 4?
3
Let f(g) = g**2 - 3. Let v(w) be the first derivative of w**4/4 + 8*w**3/3 + w**2/2 - 6*w - 6. Calculate the remainder when v(-7) is divided by f(4).
10
Suppose 5*a = 2*b + 3*b + 5, 3*a - 8 = 2*b. Calculate the remainder when 99 is divided by a.
3
Suppose n - 2 = -6. Let i(j) = 6*j**2 + 6*j + 5. What is the remainder when i(n) is divided by 20?
17
Suppose -2*r = -y + 3*r + 3, -r = 2*y + 16. Let k(g) = 4*g + 34. What is the remainder when 22 is divided by k(y)?
4
Let c = -233 - -337. Calculate the remainder when c is divided by 1/((-1)/(-6) + (-14569)/(-918) + -16).
23
Suppose 9*b - 98 = 37. Suppose 3*l = 2*q - 6*q + 105, -114 = -5*q + 2*l. Calculate the remainder when q is divided by (-2)/(-5) + 129/b.
6
Suppose 24*q = 74 + 1006. Calculate the remainder when 101 is divided by q.
11
Let j = -9 - 36. Let m = j - -92. Suppose -2*o + 30 = -h + 2*h, -21 = -h + o. Calculate the remainder when m is divided by h.
23
Let j = 12 + -4. Let f(g) = 4*g**2 - 3*g - 2. What is the remainder when f(-3) is divided by 11 + (-2)/j*0?
10
Suppose -5*d + 3*i + 1870 = 0, i + 374 = 7*d - 6*d. Calculate the remainder when d is divided by 16.
6
Let i(z) = -2*z + 12. Let f = -22 - -27. Suppose 2*x - l = 3, 0*l = 3*l + 3. What is the remainder when i(f) is divided by x?
0
Let o(v) = 3*v**3 - 17*v + 37*v**2 - 3*v**3 - 2*v**3 + 7 + 6. Calculate the remainder when 89 is divided by o(18).
27
Let m(v) = -v - 9*v - 2 - 4*v - 5. What is the remainder when 83 is divided by m(-2)?
20
Suppose 5*f - 766 + 76 = 5*r, -f + 4*r + 150 = 0. Calculate the remainder when f is divided by 53.
28
Calculate the remainder when 2*2*(-1)/20*-235 is divided by 22.
3
Let f(r) = 2*r**3 + 5*r**2 + r - 7. Let j be f(-4). Let u = -25 - j. What is the remainder when 66 is divided by u?
32
Suppose 4*w = -9*w + 26. Calculate the remainder when 15 is divided by w.
1
Suppose -5*g - 1 + 68 = -4*z, 2*z - 4 = 0. Calculate the remainder when 30 is divided by g.
0
Suppose -17*l + 10094 = -11258. Calculate the remainder when l is divided by 37.
35
Let d(l) = -l**3 - 5*l**2 + 21*l. Calculate the remainder when d(-8) is divided by 20.
4
Let t be (-32)/3*(-42)/8. Let h(d) = -d**2 + 22. Calculate the remainder when (t/(-16))/(3/(-36)) is divided by h(0).
20
Let o = 298 + -244. Let t(v) = 8*v**3 - v**2 - v + 1. Calculate the remainder when o is divided by t(1).
5
Suppose -142*n = -144*n - 12. Let c = n + 18. What is the remainder when 57 is divided by c?
9
Suppose -3*t - 94 = -5*t. Let g(v) = v**3 - 5*v**2 + 6*v - 3. Let i be g(2). Calculate the remainder when t is divided by (-3)/5 + ((-272)/(-20) - i).
15
Let g be (-10)/25*(-30)/(3 - 0). Suppose 0 = -4*k + h + 4, 0 = -2*k - g*h - 3 + 23. Calculate the remainder when 6 is divided by k.
0
Suppose 3*t + 2*o = 4*t - 32, -t + 5*o + 32 = 0. What is the remainder when t is divided by 3?
2
Let g(u) = 2*u**3 + 6*u**2 + 9. Let f be g(3). Let t = 132 - f. What is the remainder when 25 is divided by t?
10
Suppose -3*m = -7 + 1. Let o(i) = -m*i - 5*i**3 - 4*i**2 - 5 + 4 + 2*i**2 + i**3. Calculate the remainder when o(-1) is divided by 2.
1
Let d be 1/((-5)/(-360)*4). Let z = d + -10. Calculate the remainder when 29 is divided by z.
5
Let d = -81 + 13. Let m = 95 + d. What is the remainder when 161 is divided by m?
26
Let f = -1197 + 1244. Let n(g) = 22*g - 3. Let i be n(4). Let o = -60 + i. What is the remainder when f is divided by o?
22
What is the remainder when 372*(-5)/(-80) + 6/8 is divided by 24?
0
Let c be (4/(-6))/((-2)/99). Let t = 39 - c. Calculate the remainder when t is divided by 4.
2
Let c(w) be the first derivative of 58*w**3/3 + w**2/2 + w + 6. Let f be c(-1). Let y = f - 30. Calculate the remainder when 53 is divided by y.
25
Let d = 24 + 0. What is the remainder when d is divided by 17?
7
Let n = -15 - -23. Let q(w) = -w - 11. Let h be q(-11). Let p(i) = -i**3 - 2*i**2 - i + 6. What is the remainder when n is divided by p(h)?
2
Suppose 11 - 1 = 5*s. Suppose s*m + 15 = 5*m - 5*n, -5 = -m + 5*n. Suppose m*t - 6*t + 8 = 0. What is the remainder when 22 is divided by t?
6
Let t be ((-1)/4)/(2/(-24)). Let d(o) = -6*o**2 - o**2 + 0 + 4*o - o**t + 2*o**2 + 1. Calculate the remainder when 23 is divided by d(-6).
10
Let s(c) be the second derivative of -7*c**3/6 + 9*c**2 - 33*c. Calculate the remainder when s(-7) is divided by 14.
11
Let g(n) be the second derivative of n**3/3 - n**2 + 3*n. Suppose 0 = -2*h + h + 29. Calculate the remainder when h is divided by g(4).
5
Suppose -3*r - 225 = -5*c, -5*r + 8*r = -5*c + 225. What is the remainder when 176 is divided by c?
41
Suppose -19*g + 7*g + 432 = 0. Calculate the remainder when 104 is divided by g.
32
Let i(q) = -q**3 + 13*q**2 - 13*q + 16. Let z be i(12). Suppose z*v - 3*t - 180 = 2*v, 2*v + 5*t - 164 = 0. What is the remainder when v is divided by 18?
15
Let b be ((-4)/(-1))/(6 + -4). Suppose b = 3*j - 4. Calculate the remainder when 17 is divided by (-2)/j - (-11 - -1).
8
Let l be 575/125 + 6/(-10). Suppose 15 - 43 = -l*u. What is the remainder when 26 is divided by u?
5
Let w = 33 - -6. Suppose -4*a - 2*n = -0*n - 44, 5*n - 50 = -4*a. What is the remainder when w is divided by a?
9
Suppose -12 - 1 = 5*l - 3*i, 2*i = -5*l - 8. Let w be (-4 - -47) + l/(-2). Let v = 72 - w. Calculate the remainder when v is divided by 10.
8
Let r = -179 - -257. Calculate the remainder when 5/5 + -3 + r*1 is divided by 16.
12
Suppose 175*j - 159*j = 1184. What is the remainder when 112 is divided b